{"id":3239,"date":"2024-09-17T17:02:15","date_gmt":"2024-09-17T17:02:15","guid":{"rendered":"https:\/\/aucoeurdelacuisine.be\/?page_id=3239"},"modified":"2026-02-08T12:05:52","modified_gmt":"2026-02-08T12:05:52","slug":"reserveringsvoorwaarden","status":"publish","type":"page","link":"https:\/\/aucoeurdelacuisine.be\/fr\/reserveringsvoorwaarden\/","title":{"rendered":"Conditions de r\u00e9servation"},"content":{"rendered":"<div data-elementor-type=\"wp-page\" data-elementor-id=\"3239\" class=\"elementor elementor-3239\">\n\t\t\t\t\t\t<div class=\"elementor-inner\">\n\t\t\t\t<div class=\"elementor-section-wrap\">\n\t\t\t\t\t\t\t\t\t<section class=\"elementor-section elementor-top-section elementor-element elementor-element-f358327 elementor-section-boxed elementor-section-height-default elementor-section-height-default\" data-id=\"f358327\" data-element_type=\"section\">\n\t\t\t\t\t\t<div class=\"elementor-container elementor-column-gap-default\">\n\t\t\t\t\t\t\t<div class=\"elementor-row\">\n\t\t\t\t\t<div class=\"elementor-column elementor-col-100 elementor-top-column elementor-element elementor-element-4a656c2\" data-id=\"4a656c2\" data-element_type=\"column\">\n\t\t\t<div class=\"elementor-column-wrap elementor-element-populated\">\n\t\t\t\t\t\t\t<div class=\"elementor-widget-wrap\">\n\t\t\t\t\t\t<div class=\"elementor-element elementor-element-6cef61a elementor-widget elementor-widget-heading\" data-id=\"6cef61a\" data-element_type=\"widget\" data-widget_type=\"heading.default\">\n\t\t\t\t<div class=\"elementor-widget-container\">\n\t\t\t<h2 class=\"elementor-heading-title elementor-size-default\">Message \u00e0 nos chers clients<\/h2>\t\t<\/div>\n\t\t\t\t<\/div>\n\t\t\t\t<div class=\"elementor-element elementor-element-b62b3e1 elementor-widget elementor-widget-heading\" data-id=\"b62b3e1\" data-element_type=\"widget\" data-widget_type=\"heading.default\">\n\t\t\t\t<div class=\"elementor-widget-container\">\n\t\t\t<h3 class=\"elementor-heading-title elementor-size-default\">Nos horaires<\/h3>\t\t<\/div>\n\t\t\t\t<\/div>\n\t\t\t\t<div class=\"elementor-element elementor-element-a76e7e0 elementor-widget elementor-widget-text-editor\" data-id=\"a76e7e0\" data-element_type=\"widget\" data-widget_type=\"text-editor.default\">\n\t\t\t\t<div class=\"elementor-widget-container\">\n\t\t\t\t\t\t\t\t<div class=\"elementor-text-editor elementor-clearfix\">\n\t\t\t\t<p>Dans un souci d'optimisation des horaires de travail pour notre personnel,\n nous vous rappelons les horaires d'ouverture de notre restaurant :<\/p><p>Service du Midi : 12h00 \u00e0 13h00 derni\u00e8re commande,<\/p><p>Fermeture des portes \u00e0 16h00,<\/p><p>Service du Soir : 19h00 \u00e0 20h00 derni\u00e8re commande,<\/p><p>Fermeture des portes \u00e0 23h00.<\/p>\t\t\t\t\t<\/div>\n\t\t\t\t\t\t<\/div>\n\t\t\t\t<\/div>\n\t\t\t\t<div class=\"elementor-element elementor-element-4514bad elementor-widget elementor-widget-heading\" data-id=\"4514bad\" data-element_type=\"widget\" data-widget_type=\"heading.default\">\n\t\t\t\t<div class=\"elementor-widget-container\">\n\t\t\t<h3 class=\"elementor-heading-title elementor-size-default\">Les allerg\u00e8nes<\/h3>\t\t<\/div>\n\t\t\t\t<\/div>\n\t\t\t\t<div class=\"elementor-element elementor-element-d4c35a3 elementor-widget elementor-widget-text-editor\" data-id=\"d4c35a3\" data-element_type=\"widget\" data-widget_type=\"text-editor.default\">\n\t\t\t\t<div class=\"elementor-widget-container\">\n\t\t\t\t\t\t\t\t<div class=\"elementor-text-editor elementor-clearfix\">\n\t\t\t\t<p>Nos plats peuvent contenir des traces de 14 allerg\u00e8nes.<\/p><p>Nous ne pouvons donc tenir compte que de ces 14 allerg\u00e8nes.<\/p><p>Toute modification demand\u00e9e en raison d'une allergie ou d'une intol\u00e9rance qui n'aurait pas \u00e9t\u00e9 communiqu\u00e9e au moment de la r\u00e9servation fera l'objet d'un suppl\u00e9ment de 10 \u20ac par plat.<\/p>\t\t\t\t\t<\/div>\n\t\t\t\t\t\t<\/div>\n\t\t\t\t<\/div>\n\t\t\t\t<div class=\"elementor-element elementor-element-7f1638c elementor-widget elementor-widget-heading\" data-id=\"7f1638c\" data-element_type=\"widget\" data-widget_type=\"heading.default\">\n\t\t\t\t<div class=\"elementor-widget-container\">\n\t\t\t<h3 class=\"elementor-heading-title elementor-size-default\">R\u00e9servations<\/h3>\t\t<\/div>\n\t\t\t\t<\/div>\n\t\t\t\t<div class=\"elementor-element elementor-element-bf999c4 elementor-widget elementor-widget-text-editor\" data-id=\"bf999c4\" data-element_type=\"widget\" data-widget_type=\"text-editor.default\">\n\t\t\t\t<div class=\"elementor-widget-container\">\n\t\t\t\t\t\t\t\t<div class=\"elementor-text-editor elementor-clearfix\">\n\t\t\t\t<p>Vous pouvez r\u00e9server un lunch ou un d\u00eener via notre syst\u00e8me de r\u00e9servation sur le site web ou en nous contactant par t\u00e9l\u00e9phone +32 61 51 39 92.<\/p><p>En raison des nombreux no-shows et des annulations de derni\u00e8re minute,                                          nous demandons d\u00e9sormais une garantie pour toute r\u00e9servation effectu\u00e9e pour les samedis soir.<\/p><p>Pour ces jours, vous pouvez annuler gratuitement votre r\u00e9servation                                                 jusqu'\u00e0 12 heures avant l'heure d'arriv\u00e9e.<\/p><p>Pass\u00e9 ce d\u00e9lai, des frais d'annulation de 50,00 \u20ac par personne seront appliqu\u00e9s,                                       y compris en cas de no-show.<\/p><p>Si certaines personnes ne se pr\u00e9sentent pas, un montant forfaitaire de 50 euros par personne sera factur\u00e9, sauf si une r\u00e9duction du nombre de participants est communiqu\u00e9e par e-mail au moins 2 heures (12 heures le samedi) \u00e0 l'avance.<\/p><p>Pour les r\u00e9servations effectu\u00e9es lors de journ\u00e9es sp\u00e9ciales, telles que la Saint-Valentin, la f\u00eate des m\u00e8res, No\u00ebl, le Nouvel An,... nous vous demandons \u00e9galement de d\u00e9poser une garantie de 50,00 \u20ac par personne sur notre compte num\u00e9ro BE03 0882 5610 8384, en mentionnant votre num\u00e9ro de r\u00e9servation.<\/p><p>En cas d'annulation \u00e0 partir de 3 jours avant l'arriv\u00e9e, ou de non-pr\u00e9sentation, ce montant ne sera pas rembours\u00e9.<\/p><div id=\"ConnectiveDocSignExtentionInstalled\" data-extension-version=\"1.0.4\">\u00a0<\/div>\t\t\t\t\t<\/div>\n\t\t\t\t\t\t<\/div>\n\t\t\t\t<\/div>\n\t\t\t\t<div class=\"elementor-element elementor-element-c0b26f9 elementor-widget elementor-widget-heading\" data-id=\"c0b26f9\" data-element_type=\"widget\" data-widget_type=\"heading.default\">\n\t\t\t\t<div class=\"elementor-widget-container\">\n\t\t\t<h3 class=\"elementor-heading-title elementor-size-default\">Informations g\u00e9n\u00e9rales<\/h3>\t\t<\/div>\n\t\t\t\t<\/div>\n\t\t\t\t<div class=\"elementor-element elementor-element-74a0bfc elementor-widget elementor-widget-text-editor\" data-id=\"74a0bfc\" data-element_type=\"widget\" data-widget_type=\"text-editor.default\">\n\t\t\t\t<div class=\"elementor-widget-container\">\n\t\t\t\t\t\t\t\t<div class=\"elementor-text-editor elementor-clearfix\">\n\t\t\t\t<p>Possibilit\u00e9s de paiement : Maestro, Mastercard, Visa, V-Pay, esp\u00e8ces.<\/p><p>Nous disposons d'un grand parking priv\u00e9.<\/p><p>Acc\u00e8s pour les personnes \u00e0 mobilit\u00e9 r\u00e9duite.<\/p><p>Le restaurant et la terrasse sont non-fumeurs.<\/p><p>Veuillez noter que nous n'avons pas de menu pour les enfants.<\/p><p>Tout le monde est le bienvenu dans notre restaurant \u00e0 partir du moment                                                o\u00f9 il peut d\u00e9guster nos plats.<\/p>\t\t\t\t\t<\/div>\n\t\t\t\t\t\t<\/div>\n\t\t\t\t<\/div>\n\t\t\t\t<div class=\"elementor-element elementor-element-72a2c47 elementor-widget elementor-widget-text-editor\" data-id=\"72a2c47\" data-element_type=\"widget\" data-widget_type=\"text-editor.default\">\n\t\t\t\t<div class=\"elementor-widget-container\">\n\t\t\t\t\t\t\t\t<div class=\"elementor-text-editor elementor-clearfix\">\n\t\t\t\t<p>Merci pour votre compr\u00e9hension,<\/p><p>Ronny et Christel et leur \u00e9quipe.<\/p>\t\t\t\t\t<\/div>\n\t\t\t\t\t\t<\/div>\n\t\t\t\t<\/div>\n\t\t\t\t\t\t<\/div>\n\t\t\t\t\t<\/div>\n\t\t<\/div>\n\t\t\t\t\t\t\t\t<\/div>\n\t\t\t\t\t<\/div>\n\t\t<\/section>\n\t\t\t\t\t\t\t\t\t<\/div>\n\t\t\t<\/div>\n\t\t\t\t\t<\/div>","protected":false},"excerpt":{"rendered":"<p>Bericht aan onze gewaardeerde gasten Openingsuren Om de werktijden voor ons personeel te optimaliseren, herinneren we u graag\u00a0 aan de openingstijden van ons restaurant: Lunch service: 12:00 tot 13:00 laatste bestelling, Deuren sluiten om 16.00 uur, Avondservice: 19:00 tot 20:00 laatste bestelling, Deuren sluiten om 23.00 uur. Allergenen Onze gerechten kunnen sporen van 14 allergene [&hellip;]<\/p>","protected":false},"author":2,"featured_media":0,"parent":0,"menu_order":0,"comment_status":"closed","ping_status":"closed","template":"","meta":[],"_links":{"self":[{"href":"https:\/\/aucoeurdelacuisine.be\/fr\/wp-json\/wp\/v2\/pages\/3239"}],"collection":[{"href":"https:\/\/aucoeurdelacuisine.be\/fr\/wp-json\/wp\/v2\/pages"}],"about":[{"href":"https:\/\/aucoeurdelacuisine.be\/fr\/wp-json\/wp\/v2\/types\/page"}],"author":[{"embeddable":true,"href":"https:\/\/aucoeurdelacuisine.be\/fr\/wp-json\/wp\/v2\/users\/2"}],"replies":[{"embeddable":true,"href":"https:\/\/aucoeurdelacuisine.be\/fr\/wp-json\/wp\/v2\/comments?post=3239"}],"version-history":[{"count":6,"href":"https:\/\/aucoeurdelacuisine.be\/fr\/wp-json\/wp\/v2\/pages\/3239\/revisions"}],"predecessor-version":[{"id":4172,"href":"https:\/\/aucoeurdelacuisine.be\/fr\/wp-json\/wp\/v2\/pages\/3239\/revisions\/4172"}],"wp:attachment":[{"href":"https:\/\/aucoeurdelacuisine.be\/fr\/wp-json\/wp\/v2\/media?parent=3239"}],"curies":[{"name":"wp","href":"https:\/\/api.w.org\/{rel}","templated":true}]}}

Conditions de réservation

<div data-elementor-type="wp-page" data-elementor-id="3239" class="elementor elementor-3239">
						<div class="elementor-inner">
				<div class="elementor-section-wrap">
									<section class="elementor-section elementor-top-section elementor-element elementor-element-f358327 elementor-section-boxed elementor-section-height-default elementor-section-height-default" data-id="f358327" data-element_type="section">
						<div class="elementor-container elementor-column-gap-default">
							<div class="elementor-row">
					<div class="elementor-column elementor-col-100 elementor-top-column elementor-element elementor-element-4a656c2" data-id="4a656c2" data-element_type="column">
			<div class="elementor-column-wrap elementor-element-populated">
							<div class="elementor-widget-wrap">
						<div class="elementor-element elementor-element-6cef61a elementor-widget elementor-widget-heading" data-id="6cef61a" data-element_type="widget" data-widget_type="heading.default">
				<div class="elementor-widget-container">
			<h2 class="elementor-heading-title elementor-size-default">Message à nos chers clients</h2>		</div>
				</div>
				<div class="elementor-element elementor-element-b62b3e1 elementor-widget elementor-widget-heading" data-id="b62b3e1" data-element_type="widget" data-widget_type="heading.default">
				<div class="elementor-widget-container">
			<h3 class="elementor-heading-title elementor-size-default">Nos horaires</h3>		</div>
				</div>
				<div class="elementor-element elementor-element-a76e7e0 elementor-widget elementor-widget-text-editor" data-id="a76e7e0" data-element_type="widget" data-widget_type="text-editor.default">
				<div class="elementor-widget-container">
								<div class="elementor-text-editor elementor-clearfix">
				<p>Dans un souci d'optimisation des horaires de travail pour notre personnel,
 nous vous rappelons les horaires d'ouverture de notre restaurant :</p><p>Service du Midi : 12h00 à 13h00 dernière commande,</p><p>Fermeture des portes à 16h00,</p><p>Service du Soir : 19h00 à 20h00 dernière commande,</p><p>Fermeture des portes à 23h00.</p>					</div>
						</div>
				</div>
				<div class="elementor-element elementor-element-4514bad elementor-widget elementor-widget-heading" data-id="4514bad" data-element_type="widget" data-widget_type="heading.default">
				<div class="elementor-widget-container">
			<h3 class="elementor-heading-title elementor-size-default">Les allergènes</h3>		</div>
				</div>
				<div class="elementor-element elementor-element-d4c35a3 elementor-widget elementor-widget-text-editor" data-id="d4c35a3" data-element_type="widget" data-widget_type="text-editor.default">
				<div class="elementor-widget-container">
								<div class="elementor-text-editor elementor-clearfix">
				<p>Nos plats peuvent contenir des traces de 14 allergènes.</p><p>Nous ne pouvons donc tenir compte que de ces 14 allergènes.</p><p>Toute modification demandée en raison d'une allergie ou d'une intolérance qui n'aurait pas été communiquée au moment de la réservation fera l'objet d'un supplément de 10 € par plat.</p>					</div>
						</div>
				</div>
				<div class="elementor-element elementor-element-7f1638c elementor-widget elementor-widget-heading" data-id="7f1638c" data-element_type="widget" data-widget_type="heading.default">
				<div class="elementor-widget-container">
			<h3 class="elementor-heading-title elementor-size-default">Réservations</h3>		</div>
				</div>
				<div class="elementor-element elementor-element-bf999c4 elementor-widget elementor-widget-text-editor" data-id="bf999c4" data-element_type="widget" data-widget_type="text-editor.default">
				<div class="elementor-widget-container">
								<div class="elementor-text-editor elementor-clearfix">
				<p>Vous pouvez réserver un lunch ou un dîner via notre système de réservation sur le site web ou en nous contactant par téléphone +32 61 51 39 92.</p><p>En raison des nombreux no-shows et des annulations de dernière minute,                                          nous demandons désormais une garantie pour toute réservation effectuée pour les samedis soir.</p><p>Pour ces jours, vous pouvez annuler gratuitement votre réservation                                                 jusqu'à 12 heures avant l'heure d'arrivée.</p><p>Passé ce délai, des frais d'annulation de 50,00 € par personne seront appliqués,                                       y compris en cas de no-show.</p><p>Si certaines personnes ne se présentent pas, un montant forfaitaire de 50 euros par personne sera facturé, sauf si une réduction du nombre de participants est communiquée par e-mail au moins 2 heures (12 heures le samedi) à l'avance.</p><p>Pour les réservations effectuées lors de journées spéciales, telles que la Saint-Valentin, la fête des mères, Noël, le Nouvel An,... nous vous demandons également de déposer une garantie de 50,00 € par personne sur notre compte numéro BE03 0882 5610 8384, en mentionnant votre numéro de réservation.</p><p>En cas d'annulation à partir de 3 jours avant l'arrivée, ou de non-présentation, ce montant ne sera pas remboursé.</p><div id="ConnectiveDocSignExtentionInstalled" data-extension-version="1.0.4"> </div>					</div>
						</div>
				</div>
				<div class="elementor-element elementor-element-c0b26f9 elementor-widget elementor-widget-heading" data-id="c0b26f9" data-element_type="widget" data-widget_type="heading.default">
				<div class="elementor-widget-container">
			<h3 class="elementor-heading-title elementor-size-default">Informations générales</h3>		</div>
				</div>
				<div class="elementor-element elementor-element-74a0bfc elementor-widget elementor-widget-text-editor" data-id="74a0bfc" data-element_type="widget" data-widget_type="text-editor.default">
				<div class="elementor-widget-container">
								<div class="elementor-text-editor elementor-clearfix">
				<p>Possibilités de paiement : Maestro, Mastercard, Visa, V-Pay, espèces.</p><p>Nous disposons d'un grand parking privé.</p><p>Accès pour les personnes à mobilité réduite.</p><p>Le restaurant et la terrasse sont non-fumeurs.</p><p>Veuillez noter que nous n'avons pas de menu pour les enfants.</p><p>Tout le monde est le bienvenu dans notre restaurant à partir du moment                                                où il peut déguster nos plats.</p>					</div>
						</div>
				</div>
				<div class="elementor-element elementor-element-72a2c47 elementor-widget elementor-widget-text-editor" data-id="72a2c47" data-element_type="widget" data-widget_type="text-editor.default">
				<div class="elementor-widget-container">
								<div class="elementor-text-editor elementor-clearfix">
				<p>Merci pour votre compréhension,</p><p>Ronny et Christel et leur équipe.</p>					</div>
						</div>
				</div>
						</div>
					</div>
		</div>
								</div>
					</div>
		</section>
									</div>
			</div>
					</div>
